t the prime factors of 3380730.
2, 3, 5, 112691
What are the prime factors of 4286889?
3, 373, 1277
List the prime factors of 2454262.
2, 1227131
What are the prime factors of 522050?
2, 5, 53, 197
What are the prime factors of 184523?
184523
What are the prime factors of 18861670?
2, 5, 17, 110951
List the prime factors of 17109800.
2, 5, 85549
List the prime factors of 400473.
3, 44497
What are the prime factors of 62111?
7, 19, 467
What are the prime factors of 137972?
2, 17, 2029
List the prime factors of 485097.
3, 97, 1667
What are the prime factors of 109599?
3, 7, 17, 307
List the prime factors of 782518.
2, 11, 35569
List the prime factors of 1095076.
2, 23, 11903
List the prime factors of 54648.
2, 3, 11, 23
What are the prime factors of 179075?
5, 13, 19, 29
What are the prime factors of 170734?
2, 19, 4493
List the prime factors of 923231.
73, 12647
List the prime factors of 12852273.
3, 7, 61, 79, 127
List the prime factors of 347334.
2, 3, 13, 61, 73
List the prime factors of 3286444.
2, 7, 117373
What are the prime factors of 15068705?
5, 43, 109, 643
List the prime factors of 699110.
2, 5, 69911
What are the prime factors of 369828?
2, 3, 10273
List the prime factors of 1236525.
3, 5, 16487
What are the prime factors of 311680?
2, 5, 487
What are the prime factors of 92038?
2, 17, 2707
What are the prime factors of 27414194?
2, 709, 19333
List the prime factors of 79431.
3, 11, 29, 83
What are the prime factors of 763026?
2, 3, 11, 1051
What are the prime factors of 26310872?
2, 7, 107, 4391
List the prime factors of 36599695.
5, 11, 61, 10909
What are the prime factors of 407526?
2, 3, 7, 31, 313
List the prime factors of 5165000.
2, 5, 1033
What are the prime factors of 1245090?
2, 3, 5, 7, 11
List the prime factors of 122733.
3, 13, 1049
List the prime factors of 7137288.
2, 3, 173, 191
List the prime factors of 5410207.
11, 491837
What are the prime factors of 821529?
3, 30427
What are the prime factors of 4004466?
2, 3, 89, 7499
What are the prime factors of 5206351?
283, 18397
What are the prime factors of 213250?
2, 5, 853
List the prime factors of 1621522.
2, 7, 115823
List the prime factors of 117728.
2, 13, 283
What are the prime factors of 498388?
2, 11, 47, 241
List the prime factors of 3872787.
3, 17, 75937
What are the prime factors of 395160?
2, 3, 5, 37, 89
What are the prime factors of 12365220?
2, 3, 5, 7, 59, 499
What are the prime factors of 286333?
286333
List the prime factors of 21773503.
2081, 10463
List the prime factors of 169925.
5, 7, 971
List the prime factors of 12144048.
2, 3, 7, 47, 769
What are the prime factors of 14212245?
3, 5, 947483
What are the prime factors of 7141345?
5, 449, 3181
List the prime factors of 2844497.
467, 6091
What are the prime factors of 823418?
2, 411709
List the prime factors of 2325680.
2, 5, 7, 4153
What are the prime factors of 23366?
2, 7, 1669
List the prime factors of 651087.
3, 73, 991
List the prime factors of 42546000.
2, 3, 5, 7, 1013
List the prime factors of 1000763.
1000763
What are the prime factors of 7219052?
2, 1804763
List the prime factors of 2424900.
2, 3, 5, 59, 137
List the prime factors of 4054608.
2, 3, 37, 761
What are the prime factors of 6137907?
3, 31, 2129
List the prime factors of 259429.
259429
List the prime factors of 1618993.
23, 43, 1637
What are the prime factors of 869561?
7, 11, 23, 491
What are the prime factors of 12567544?
2, 11, 12983
What are the prime factors of 1588529?
521, 3049
List the prime factors of 152472.
2, 3, 6353
What are the prime factors of 290332?
2, 7, 10369
List the prime factors of 7626047.
11, 13, 17, 3137
List the prime factors of 790087.
790087
List the prime factors of 201020.
2, 5, 19, 23
What are the prime factors of 2643435?
3, 5, 61, 107
List the prime factors of 1731132.
2, 3, 13, 137
What are the prime factors of 12253520?
2, 5, 89, 1721
What are the prime factors of 981090?
2, 3, 5, 11, 991
List the prime factors of 179583.
3, 31, 1931
What are the prime factors of 610906?
2, 47, 67, 97
What are the prime factors of 766025?
5, 13, 2357
What are the prime factors of 10887637?
71, 89, 1723
What are the prime factors of 389355?
3, 5, 101, 257
List the prime factors of 1854544.
2, 31, 3739
What are the prime factors of 1400208?
2, 3, 31, 941
What are the prime factors of 611938?
2, 23, 53, 251
List the prime factors of 181144.
2, 22643
List the prime factors of 5956113.
3, 317, 6263
List the prime factors of 3815732.
2, 19, 50207
List the prime factors of 2011484.
2, 157, 3203
What are the prime factors of 134151?
3, 97, 461
List the prime factors of 5566828.
2, 23, 60509
List the prime factors of 4252.
2, 1063
What are the prime factors of 2036799?
3, 75437
What are the prime factors of 9193686?
2, 3, 37, 41413
List the prime factors of 175683.
3, 157, 373
What are the prime factors of 7294628?
2, 11, 193, 859
What are the prime factors of 2103708?
2, 3, 175309
What are the prime factors of 165855?
3, 5, 11057
List the prime factors of 2582001.
3, 53, 5413
List the prime factors of 3182739.
3, 7, 31, 4889
What are the prime factors of 5001082?
2, 47, 83, 641
What are the prime factors of 384155?
5, 76831
List the prime factors of 12378593.
769, 16097
List the prime factors of 9112090.
2, 5, 13, 29, 2417
What are the prime factors of 20633598?
2, 3, 59, 19429
List the prime factors of 13451878.
2, 11, 611449
What are the prime factors of 2219865?
3, 5, 19, 7789
What are the prime factors of 1175374?
2, 587687
List the prime factors of 713397.
3, 37, 6427
What are the prime factors of 821269?
337, 2437
What are the prime factors of 466601?
23, 20287
What are the prime factors of 4042352?
2, 467, 541
What are the prime factors of 4054601?
23, 173, 1019
What are the prime factors of 26808392?
2, 13, 19, 13567
What are the prime factors of 10359906?
2, 3, 1726651
List the prime factors of 4327829.
11, 107, 3677
List the prime factors of 38136657.
3, 13, 43, 22741
What are the prime factors of 2114572?
2, 31, 17053
List the prime factors of 51514.
2, 43, 599
List the prime factors of 9921786.
2, 3, 7, 23, 10271
List the prime factors of 1506634.
2, 43, 17519
List the prime factors of 2460793.
23, 97, 1103
What are the prime factors of 198274?
2, 99137
List the prime factors of 17164617.
3, 5721539
What are the prime factors of 903429?
3, 37, 2713
List the prime factors of 100613.
100613
What are the prime factors of 276360?
2, 3, 5, 7, 47
List the prime factors of 265903.
11, 23, 1051
List the prime factors of 299168.
2, 9349
What are the prime factors of 20305743?
3, 367, 18443
What are the prime factors of 96649?
7, 13807
List the prime factors of 374649.
3, 11, 11353
List the prime factors of 220812.
2, 3, 18401
What are the prime factors of 235171?
235171
What are the prime factors of 128975?
5, 7, 11, 67
List the prime factors of 418462.
2, 11, 23, 827
What are the prime factors of 1244145?
3, 5, 7, 17, 41
What are the prime factors of 4360448?
2, 17033
List the prime factors of 613674.
2, 3, 103, 331
What are the prime factors of 35012115?
3, 5, 223, 1163
What are the prime factors of 8400419?
8400419
What are the prime factors of 10257?
3, 13, 263
What are the prime factors of 80243?
29, 2767
What are the prime factors of 9817652?
2, 13, 188801
What are the prime factors of 1109626?
2, 7, 79259
List the prime factors of 11404119.
3, 3801373
What are the prime factors of 2121605?
5, 211, 2011
List the prime factors of 1778815.
5, 355763
List the prime factors of 36062.
2, 13, 19, 73
What are the prime factors of 56695?
5, 17, 23, 29
List the prime factors of 13942866.
2, 3, 7, 331973
List the prime factors of 3956692.
2, 989173
List the prime factors of 1503420.
2, 3, 5, 25057
What are the prime factors of 2143148?
2, 7, 76541
List the prime factors of 38777544.
2, 3, 13, 17, 2437
List the prime factors of 3259904.
2, 6367
List the prime factors of 1326126.
2, 3, 221021
List the prime factors of 3122097.
3, 11, 37, 2557
List the prime factors of 154122.
2, 3, 17, 1511
What are the prime factors of 2757196?
2, 13, 17, 3119
List the prime factors of 3652976.
2, 228311
What are the prime factors of 753921?
3, 7, 3989
What are the prime factors of 1110583?
1110583
What are the prime factors of 11245